{"id":240,"date":"2021-03-13T07:43:56","date_gmt":"2021-03-13T06:43:56","guid":{"rendered":"http:\/\/isaotextile.com\/?page_id=240"},"modified":"2021-05-03T18:28:07","modified_gmt":"2021-05-03T16:28:07","slug":"traverse","status":"publish","type":"page","link":"https:\/\/isaotextile.com\/index.php\/traverse\/","title":{"rendered":"Traverse"},"content":{"rendered":"\t\t<div data-elementor-type=\"wp-page\" data-elementor-id=\"240\" class=\"elementor elementor-240\">\n\t\t\t\t\t\t\t\t\t<section class=\"elementor-section elementor-top-section elementor-element elementor-element-46e0247a elementor-section-content-middle elementor-reverse-mobile elementor-section-boxed elementor-section-height-default elementor-section-height-default\" data-id=\"46e0247a\" data-element_type=\"section\" data-settings=\"{&quot;background_background&quot;:&quot;classic&quot;}\">\n\t\t\t\t\t\t<div class=\"elementor-container elementor-column-gap-default\">\n\t\t\t\t\t<div class=\"elementor-column elementor-col-50 elementor-top-column elementor-element elementor-element-76796c49\" data-id=\"76796c49\" data-element_type=\"column\">\n\t\t\t<div class=\"elementor-widget-wrap elementor-element-populated\">\n\t\t\t\t\t\t\t\t<div class=\"elementor-element elementor-element-18316e2 elementor-widget elementor-widget-heading\" data-id=\"18316e2\" data-element_type=\"widget\" data-widget_type=\"heading.default\">\n\t\t\t\t<div class=\"elementor-widget-container\">\n\t\t\t<h2 class=\"elementor-heading-title elementor-size-default\">Traverse,\n2020\/2021\n\n<\/h2>\t\t<\/div>\n\t\t\t\t<\/div>\n\t\t\t\t<div class=\"elementor-element elementor-element-ef93809 elementor-widget elementor-widget-text-editor\" data-id=\"ef93809\" data-element_type=\"widget\" data-widget_type=\"text-editor.default\">\n\t\t\t\t<div class=\"elementor-widget-container\">\n\t\t\t\t\t\t\t<p>\u00a0<\/p><p>Dans l\u2019ombre, il y a les blessures<\/p><p>A travers la transparence, il y a la lumi\u00e8re pour voir plus loin.<\/p><p>Entre enfermement et libert\u00e9, il y a cette fronti\u00e8re, un espace d\u00e9limit\u00e9.<\/p><p>La traverser c\u2019est aller vers l\u2019espace des possibles.<\/p><p>Marcher, avancer sur le chemin de traverse,<\/p><p>prendre ce raccourci pour \u00e9viter les obstacles et cicatriser.<\/p>\t\t\t\t\t\t<\/div>\n\t\t\t\t<\/div>\n\t\t\t\t\t<\/div>\n\t\t<\/div>\n\t\t\t\t<div class=\"elementor-column elementor-col-50 elementor-top-column elementor-element elementor-element-3f7256dc\" data-id=\"3f7256dc\" data-element_type=\"column\">\n\t\t\t<div class=\"elementor-widget-wrap elementor-element-populated\">\n\t\t\t\t\t\t\t\t<div class=\"elementor-element elementor-element-3233263 elementor-widget elementor-widget-image\" data-id=\"3233263\" data-element_type=\"widget\" data-widget_type=\"image.default\">\n\t\t\t\t<div class=\"elementor-widget-container\">\n\t\t\t\t\t\t\t\t\t\t\t\t\t\t\t<img loading=\"lazy\" decoding=\"async\" width=\"768\" height=\"1152\" src=\"https:\/\/isaotextile.com\/wp-content\/uploads\/2021\/03\/DSC_0027-768x1152.jpg\" class=\"attachment-medium_large size-medium_large wp-image-626\" alt=\"\" srcset=\"https:\/\/isaotextile.com\/wp-content\/uploads\/2021\/03\/DSC_0027-768x1152.jpg 768w, https:\/\/isaotextile.com\/wp-content\/uploads\/2021\/03\/DSC_0027-scaled-600x900.jpg 600w, https:\/\/isaotextile.com\/wp-content\/uploads\/2021\/03\/DSC_0027-200x300.jpg 200w, https:\/\/isaotextile.com\/wp-content\/uploads\/2021\/03\/DSC_0027-683x1024.jpg 683w, https:\/\/isaotextile.com\/wp-content\/uploads\/2021\/03\/DSC_0027-1024x1536.jpg 1024w, https:\/\/isaotextile.com\/wp-content\/uploads\/2021\/03\/DSC_0027-1365x2048.jpg 1365w, https:\/\/isaotextile.com\/wp-content\/uploads\/2021\/03\/DSC_0027-scaled.jpg 1707w\" sizes=\"auto, (max-width: 768px) 100vw, 768px\" \/>\t\t\t\t\t\t\t\t\t\t\t\t\t\t\t<\/div>\n\t\t\t\t<\/div>\n\t\t\t\t\t<\/div>\n\t\t<\/div>\n\t\t\t\t\t\t\t<\/div>\n\t\t<\/section>\n\t\t\t\t<section class=\"elementor-section elementor-top-section elementor-element elementor-element-e30e22b elementor-section-boxed elementor-section-height-default elementor-section-height-default\" data-id=\"e30e22b\" data-element_type=\"section\">\n\t\t\t\t\t\t<div class=\"elementor-container elementor-column-gap-default\">\n\t\t\t\t\t<div class=\"elementor-column elementor-col-100 elementor-top-column elementor-element elementor-element-e89125f\" data-id=\"e89125f\" data-element_type=\"column\">\n\t\t\t<div class=\"elementor-widget-wrap elementor-element-populated\">\n\t\t\t\t\t\t\t\t<div class=\"elementor-element elementor-element-5974a92 elementor-widget elementor-widget-image-gallery\" data-id=\"5974a92\" data-element_type=\"widget\" data-widget_type=\"image-gallery.default\">\n\t\t\t\t<div class=\"elementor-widget-container\">\n\t\t\t\t\t<div class=\"elementor-image-gallery\">\n\t\t\t<div id='gallery-1' class='gallery galleryid-240 gallery-columns-4 gallery-size-thumbnail'><figure class='gallery-item'>\n\t\t\t<div class='gallery-icon landscape'>\n\t\t\t\t<a data-elementor-open-lightbox=\"yes\" data-elementor-lightbox-slideshow=\"5974a92\" data-elementor-lightbox-title=\"Isao-Traverse-nov,d\u00e9c 2020- 65, 18 cm-Assemblage et coupe japonaise\" data-e-action-hash=\"#elementor-action%3Aaction%3Dlightbox%26settings%3DeyJpZCI6MjY2LCJ1cmwiOiJodHRwczpcL1wvaXNhb3RleHRpbGUuY29tXC93cC1jb250ZW50XC91cGxvYWRzXC8yMDIxXC8wM1wvSXNhby1UcmF2ZXJzZS1ub3ZkZWMtMjAyMC02NS0xOC1jbS1Bc3NlbWJsYWdlLWV0LWNvdXBlLWphcG9uYWlzZS1zY2FsZWQuanBnIiwic2xpZGVzaG93IjoiNTk3NGE5MiJ9\" href='https:\/\/isaotextile.com\/wp-content\/uploads\/2021\/03\/Isao-Traverse-novdec-2020-65-18-cm-Assemblage-et-coupe-japonaise-scaled.jpg'><img loading=\"lazy\" decoding=\"async\" width=\"150\" height=\"150\" src=\"https:\/\/isaotextile.com\/wp-content\/uploads\/2021\/03\/Isao-Traverse-novdec-2020-65-18-cm-Assemblage-et-coupe-japonaise-150x150.jpg\" class=\"attachment-thumbnail size-thumbnail\" alt=\"\" aria-describedby=\"gallery-1-266\" srcset=\"https:\/\/isaotextile.com\/wp-content\/uploads\/2021\/03\/Isao-Traverse-novdec-2020-65-18-cm-Assemblage-et-coupe-japonaise-150x150.jpg 150w, https:\/\/isaotextile.com\/wp-content\/uploads\/2021\/03\/Isao-Traverse-novdec-2020-65-18-cm-Assemblage-et-coupe-japonaise-scaled-300x300.jpg 300w, https:\/\/isaotextile.com\/wp-content\/uploads\/2021\/03\/Isao-Traverse-novdec-2020-65-18-cm-Assemblage-et-coupe-japonaise-scaled-100x100.jpg 100w\" sizes=\"auto, (max-width: 150px) 100vw, 150px\" \/><\/a>\n\t\t\t<\/div>\n\t\t\t\t<figcaption class='wp-caption-text gallery-caption' id='gallery-1-266'>\n\t\t\t\tTraverses, diam\u00e8tre 65\/18 cm\n\t\t\t\t<\/figcaption><\/figure><figure class='gallery-item'>\n\t\t\t<div class='gallery-icon portrait'>\n\t\t\t\t<a data-elementor-open-lightbox=\"yes\" data-elementor-lightbox-slideshow=\"5974a92\" data-elementor-lightbox-title=\"Isao-Traverse d\u00e9tail profil-\" data-e-action-hash=\"#elementor-action%3Aaction%3Dlightbox%26settings%3DeyJpZCI6MjY5LCJ1cmwiOiJodHRwczpcL1wvaXNhb3RleHRpbGUuY29tXC93cC1jb250ZW50XC91cGxvYWRzXC8yMDIxXC8wM1wvSXNhby1UcmF2ZXJzZS1kZXRhaWwtcHJvZmlsLS1zY2FsZWQuanBnIiwic2xpZGVzaG93IjoiNTk3NGE5MiJ9\" data-elementor-lightbox-description=\"&lt;img src=&quot;https:\/\/isaotextile.com\/wp-content\/uploads\/2021\/03\/Isao-Traverse-detail-profil--scaled.jpg&quot; alt=&quot;Traverses,sculpture textile, art contemporain&quot; \/&gt;\" href='https:\/\/isaotextile.com\/wp-content\/uploads\/2021\/03\/Isao-Traverse-detail-profil--scaled.jpg'><img loading=\"lazy\" decoding=\"async\" width=\"150\" height=\"150\" src=\"https:\/\/isaotextile.com\/wp-content\/uploads\/2021\/03\/Isao-Traverse-detail-profil--150x150.jpg\" class=\"attachment-thumbnail size-thumbnail\" alt=\"\" aria-describedby=\"gallery-1-269\" srcset=\"https:\/\/isaotextile.com\/wp-content\/uploads\/2021\/03\/Isao-Traverse-detail-profil--150x150.jpg 150w, https:\/\/isaotextile.com\/wp-content\/uploads\/2021\/03\/Isao-Traverse-detail-profil--scaled-300x300.jpg 300w, https:\/\/isaotextile.com\/wp-content\/uploads\/2021\/03\/Isao-Traverse-detail-profil--scaled-100x100.jpg 100w\" sizes=\"auto, (max-width: 150px) 100vw, 150px\" \/><\/a>\n\t\t\t<\/div>\n\t\t\t\t<figcaption class='wp-caption-text gallery-caption' id='gallery-1-269'>\n\t\t\t\tProfil \u00ab\u00a0Traverses\u00a0\u00bb\n\t\t\t\t<\/figcaption><\/figure><figure class='gallery-item'>\n\t\t\t<div class='gallery-icon landscape'>\n\t\t\t\t<a data-elementor-open-lightbox=\"yes\" data-elementor-lightbox-slideshow=\"5974a92\" data-elementor-lightbox-title=\"Isao-\u00celots-installation dimension variable-janvier 2021-Assemblage et coupe japonaise\" data-e-action-hash=\"#elementor-action%3Aaction%3Dlightbox%26settings%3DeyJpZCI6MjY3LCJ1cmwiOiJodHRwczpcL1wvaXNhb3RleHRpbGUuY29tXC93cC1jb250ZW50XC91cGxvYWRzXC8yMDIxXC8wM1wvSXNhby1JbG90cy1pbnN0YWxsYXRpb24tZGltZW5zaW9uLXZhcmlhYmxlLWphbnZpZXItMjAyMS1Bc3NlbWJsYWdlLWV0LWNvdXBlLWphcG9uYWlzZS1zY2FsZWQuanBnIiwic2xpZGVzaG93IjoiNTk3NGE5MiJ9\" data-elementor-lightbox-description=\"&lt;img src=&quot;https:\/\/isaotextile.com\/wp-content\/uploads\/2021\/03\/Isao-Traverse-detail-profil--scaled.jpg&quot; alt=&quot;Traverses,sculpture textile, art contemporain&quot; \/&gt;\" href='https:\/\/isaotextile.com\/wp-content\/uploads\/2021\/03\/Isao-Ilots-installation-dimension-variable-janvier-2021-Assemblage-et-coupe-japonaise-scaled.jpg'><img loading=\"lazy\" decoding=\"async\" width=\"150\" height=\"150\" src=\"https:\/\/isaotextile.com\/wp-content\/uploads\/2021\/03\/Isao-Ilots-installation-dimension-variable-janvier-2021-Assemblage-et-coupe-japonaise-150x150.jpg\" class=\"attachment-thumbnail size-thumbnail\" alt=\"\" aria-describedby=\"gallery-1-267\" srcset=\"https:\/\/isaotextile.com\/wp-content\/uploads\/2021\/03\/Isao-Ilots-installation-dimension-variable-janvier-2021-Assemblage-et-coupe-japonaise-150x150.jpg 150w, https:\/\/isaotextile.com\/wp-content\/uploads\/2021\/03\/Isao-Ilots-installation-dimension-variable-janvier-2021-Assemblage-et-coupe-japonaise-scaled-300x300.jpg 300w, https:\/\/isaotextile.com\/wp-content\/uploads\/2021\/03\/Isao-Ilots-installation-dimension-variable-janvier-2021-Assemblage-et-coupe-japonaise-scaled-100x100.jpg 100w\" sizes=\"auto, (max-width: 150px) 100vw, 150px\" \/><\/a>\n\t\t\t<\/div>\n\t\t\t\t<figcaption class='wp-caption-text gallery-caption' id='gallery-1-267'>\n\t\t\t\tInstallation \u00ab\u00a0Ilots\u00a0\u00bb\n\t\t\t\t<\/figcaption><\/figure><figure class='gallery-item'>\n\t\t\t<div class='gallery-icon landscape'>\n\t\t\t\t<a data-elementor-open-lightbox=\"yes\" data-elementor-lightbox-slideshow=\"5974a92\" data-elementor-lightbox-title=\"DSC_0130\" data-e-action-hash=\"#elementor-action%3Aaction%3Dlightbox%26settings%3DeyJpZCI6MzA0LCJ1cmwiOiJodHRwczpcL1wvaXNhb3RleHRpbGUuY29tXC93cC1jb250ZW50XC91cGxvYWRzXC8yMDIxXC8wM1wvRFNDXzAxMzAtc2NhbGVkLmpwZyIsInNsaWRlc2hvdyI6IjU5NzRhOTIifQ%3D%3D\" data-elementor-lightbox-description=\"&lt;img src=&quot;https:\/\/isaotextile.com\/wp-content\/uploads\/2021\/03\/Isao-Traverse-detail-profil--scaled.jpg&quot; alt=&quot;Traverses,sculpture textile, art contemporain&quot; \/&gt;\" href='https:\/\/isaotextile.com\/wp-content\/uploads\/2021\/03\/DSC_0130-scaled.jpg'><img loading=\"lazy\" decoding=\"async\" width=\"150\" height=\"150\" src=\"https:\/\/isaotextile.com\/wp-content\/uploads\/2021\/03\/DSC_0130-150x150.jpg\" class=\"attachment-thumbnail size-thumbnail\" alt=\"\" aria-describedby=\"gallery-1-304\" srcset=\"https:\/\/isaotextile.com\/wp-content\/uploads\/2021\/03\/DSC_0130-150x150.jpg 150w, https:\/\/isaotextile.com\/wp-content\/uploads\/2021\/03\/DSC_0130-scaled-300x300.jpg 300w, https:\/\/isaotextile.com\/wp-content\/uploads\/2021\/03\/DSC_0130-scaled-100x100.jpg 100w\" sizes=\"auto, (max-width: 150px) 100vw, 150px\" \/><\/a>\n\t\t\t<\/div>\n\t\t\t\t<figcaption class='wp-caption-text gallery-caption' id='gallery-1-304'>\n\t\t\t\tD\u00e9tail\n\t\t\t\t<\/figcaption><\/figure><figure class='gallery-item'>\n\t\t\t<div class='gallery-icon landscape'>\n\t\t\t\t<a data-elementor-open-lightbox=\"yes\" data-elementor-lightbox-slideshow=\"5974a92\" data-elementor-lightbox-title=\"DSC_0036\" data-e-action-hash=\"#elementor-action%3Aaction%3Dlightbox%26settings%3DeyJpZCI6MTEzNiwidXJsIjoiaHR0cHM6XC9cL2lzYW90ZXh0aWxlLmNvbVwvd3AtY29udGVudFwvdXBsb2Fkc1wvMjAyMVwvMDVcL0RTQ18wMDM2LXNjYWxlZC5qcGciLCJzbGlkZXNob3ciOiI1OTc0YTkyIn0%3D\" data-elementor-lightbox-description=\"&lt;img src=&quot;https:\/\/isaotextile.com\/wp-content\/uploads\/2021\/03\/Isao-Traverse-detail-profil--scaled.jpg&quot; alt=&quot;Traverses,sculpture textile, art contemporain&quot; \/&gt;\" href='https:\/\/isaotextile.com\/wp-content\/uploads\/2021\/05\/DSC_0036-scaled.jpg'><img loading=\"lazy\" decoding=\"async\" width=\"150\" height=\"150\" src=\"https:\/\/isaotextile.com\/wp-content\/uploads\/2021\/05\/DSC_0036-150x150.jpg\" class=\"attachment-thumbnail size-thumbnail\" alt=\"\" aria-describedby=\"gallery-1-1136\" srcset=\"https:\/\/isaotextile.com\/wp-content\/uploads\/2021\/05\/DSC_0036-150x150.jpg 150w, https:\/\/isaotextile.com\/wp-content\/uploads\/2021\/05\/DSC_0036-300x300.jpg 300w, https:\/\/isaotextile.com\/wp-content\/uploads\/2021\/05\/DSC_0036-100x100.jpg 100w\" sizes=\"auto, (max-width: 150px) 100vw, 150px\" \/><\/a>\n\t\t\t<\/div>\n\t\t\t\t<figcaption class='wp-caption-text gallery-caption' id='gallery-1-1136'>\n\t\t\t\tChemin de TERRE, 250\/13 cm\n\t\t\t\t<\/figcaption><\/figure><figure class='gallery-item'>\n\t\t\t<div class='gallery-icon portrait'>\n\t\t\t\t<a data-elementor-open-lightbox=\"yes\" data-elementor-lightbox-slideshow=\"5974a92\" data-elementor-lightbox-title=\"DSC_0040\" data-e-action-hash=\"#elementor-action%3Aaction%3Dlightbox%26settings%3DeyJpZCI6MTEzNywidXJsIjoiaHR0cHM6XC9cL2lzYW90ZXh0aWxlLmNvbVwvd3AtY29udGVudFwvdXBsb2Fkc1wvMjAyMVwvMDVcL0RTQ18wMDQwLXNjYWxlZC5qcGciLCJzbGlkZXNob3ciOiI1OTc0YTkyIn0%3D\" data-elementor-lightbox-description=\"&lt;img src=&quot;https:\/\/isaotextile.com\/wp-content\/uploads\/2021\/03\/Isao-Traverse-detail-profil--scaled.jpg&quot; alt=&quot;Traverses,sculpture textile, art contemporain&quot; \/&gt;\" href='https:\/\/isaotextile.com\/wp-content\/uploads\/2021\/05\/DSC_0040-scaled.jpg'><img loading=\"lazy\" decoding=\"async\" width=\"150\" height=\"150\" src=\"https:\/\/isaotextile.com\/wp-content\/uploads\/2021\/05\/DSC_0040-150x150.jpg\" class=\"attachment-thumbnail size-thumbnail\" alt=\"\" aria-describedby=\"gallery-1-1137\" srcset=\"https:\/\/isaotextile.com\/wp-content\/uploads\/2021\/05\/DSC_0040-150x150.jpg 150w, https:\/\/isaotextile.com\/wp-content\/uploads\/2021\/05\/DSC_0040-300x300.jpg 300w, https:\/\/isaotextile.com\/wp-content\/uploads\/2021\/05\/DSC_0040-100x100.jpg 100w\" sizes=\"auto, (max-width: 150px) 100vw, 150px\" \/><\/a>\n\t\t\t<\/div>\n\t\t\t\t<figcaption class='wp-caption-text gallery-caption' id='gallery-1-1137'>\n\t\t\t\tChemin de TERRE\n\t\t\t\t<\/figcaption><\/figure><figure class='gallery-item'>\n\t\t\t<div class='gallery-icon portrait'>\n\t\t\t\t<a data-elementor-open-lightbox=\"yes\" data-elementor-lightbox-slideshow=\"5974a92\" data-elementor-lightbox-title=\"DSC_0024\" data-e-action-hash=\"#elementor-action%3Aaction%3Dlightbox%26settings%3DeyJpZCI6MTEzNSwidXJsIjoiaHR0cHM6XC9cL2lzYW90ZXh0aWxlLmNvbVwvd3AtY29udGVudFwvdXBsb2Fkc1wvMjAyMVwvMDVcL0RTQ18wMDI0LTEtc2NhbGVkLmpwZyIsInNsaWRlc2hvdyI6IjU5NzRhOTIifQ%3D%3D\" data-elementor-lightbox-description=\"&lt;img src=&quot;https:\/\/isaotextile.com\/wp-content\/uploads\/2021\/03\/Isao-Traverse-detail-profil--scaled.jpg&quot; alt=&quot;Traverses,sculpture textile, art contemporain&quot; \/&gt;\" href='https:\/\/isaotextile.com\/wp-content\/uploads\/2021\/05\/DSC_0024-1-scaled.jpg'><img loading=\"lazy\" decoding=\"async\" width=\"150\" height=\"150\" src=\"https:\/\/isaotextile.com\/wp-content\/uploads\/2021\/05\/DSC_0024-1-150x150.jpg\" class=\"attachment-thumbnail size-thumbnail\" alt=\"\" aria-describedby=\"gallery-1-1135\" srcset=\"https:\/\/isaotextile.com\/wp-content\/uploads\/2021\/05\/DSC_0024-1-150x150.jpg 150w, https:\/\/isaotextile.com\/wp-content\/uploads\/2021\/05\/DSC_0024-1-300x300.jpg 300w, https:\/\/isaotextile.com\/wp-content\/uploads\/2021\/05\/DSC_0024-1-100x100.jpg 100w\" sizes=\"auto, (max-width: 150px) 100vw, 150px\" \/><\/a>\n\t\t\t<\/div>\n\t\t\t\t<figcaption class='wp-caption-text gallery-caption' id='gallery-1-1135'>\n\t\t\t\tD\u00e9tail 1\n\t\t\t\t<\/figcaption><\/figure><figure class='gallery-item'>\n\t\t\t<div class='gallery-icon portrait'>\n\t\t\t\t<a data-elementor-open-lightbox=\"yes\" data-elementor-lightbox-slideshow=\"5974a92\" data-elementor-lightbox-title=\"DSC_0045\" data-e-action-hash=\"#elementor-action%3Aaction%3Dlightbox%26settings%3DeyJpZCI6MTEzOCwidXJsIjoiaHR0cHM6XC9cL2lzYW90ZXh0aWxlLmNvbVwvd3AtY29udGVudFwvdXBsb2Fkc1wvMjAyMVwvMDVcL0RTQ18wMDQ1LXNjYWxlZC5qcGciLCJzbGlkZXNob3ciOiI1OTc0YTkyIn0%3D\" data-elementor-lightbox-description=\"&lt;img src=&quot;https:\/\/isaotextile.com\/wp-content\/uploads\/2021\/03\/Isao-Traverse-detail-profil--scaled.jpg&quot; alt=&quot;Traverses,sculpture textile, art contemporain&quot; \/&gt;\" href='https:\/\/isaotextile.com\/wp-content\/uploads\/2021\/05\/DSC_0045-scaled.jpg'><img loading=\"lazy\" decoding=\"async\" width=\"150\" height=\"150\" src=\"https:\/\/isaotextile.com\/wp-content\/uploads\/2021\/05\/DSC_0045-150x150.jpg\" class=\"attachment-thumbnail size-thumbnail\" alt=\"\" aria-describedby=\"gallery-1-1138\" srcset=\"https:\/\/isaotextile.com\/wp-content\/uploads\/2021\/05\/DSC_0045-150x150.jpg 150w, https:\/\/isaotextile.com\/wp-content\/uploads\/2021\/05\/DSC_0045-300x300.jpg 300w, https:\/\/isaotextile.com\/wp-content\/uploads\/2021\/05\/DSC_0045-100x100.jpg 100w\" sizes=\"auto, (max-width: 150px) 100vw, 150px\" \/><\/a>\n\t\t\t<\/div>\n\t\t\t\t<figcaption class='wp-caption-text gallery-caption' id='gallery-1-1138'>\n\t\t\t\tD\u00e9tail 2\n\t\t\t\t<\/figcaption><\/figure>\n\t\t<\/div>\n\t\t<\/div>\n\t\t\t\t<\/div>\n\t\t\t\t<\/div>\n\t\t\t\t\t<\/div>\n\t\t<\/div>\n\t\t\t\t\t\t\t<\/div>\n\t\t<\/section>\n\t\t\t\t\t\t\t<\/div>\n\t\t","protected":false},"excerpt":{"rendered":"<p>Traverse, 2020\/2021 \u00a0 Dans l\u2019ombre, il y a les blessures A travers la transparence, il y a la lumi\u00e8re pour voir plus loin. Entre enfermement et libert\u00e9, il y a cette fronti\u00e8re, un espace d\u00e9limit\u00e9. La traverser c\u2019est aller vers l\u2019espace des possibles. Marcher, avancer sur le chemin de traverse, prendre ce raccourci pour \u00e9viter [&hellip;]<\/p>\n","protected":false},"author":1,"featured_media":0,"parent":0,"menu_order":0,"comment_status":"closed","ping_status":"closed","template":"","meta":{"ocean_post_layout":"","ocean_both_sidebars_style":"","ocean_both_sidebars_content_width":0,"ocean_both_sidebars_sidebars_width":0,"ocean_sidebar":"0","ocean_second_sidebar":"0","ocean_disable_margins":"enable","ocean_add_body_class":"","ocean_shortcode_before_top_bar":"","ocean_shortcode_after_top_bar":"","ocean_shortcode_before_header":"","ocean_shortcode_after_header":"","ocean_has_shortcode":"","ocean_shortcode_after_title":"","ocean_shortcode_before_footer_widgets":"","ocean_shortcode_after_footer_widgets":"","ocean_shortcode_before_footer_bottom":"","ocean_shortcode_after_footer_bottom":"","ocean_display_top_bar":"default","ocean_display_header":"default","ocean_header_style":"","ocean_center_header_left_menu":"0","ocean_custom_header_template":"0","ocean_custom_logo":0,"ocean_custom_retina_logo":0,"ocean_custom_logo_max_width":0,"ocean_custom_logo_tablet_max_width":0,"ocean_custom_logo_mobile_max_width":0,"ocean_custom_logo_max_height":0,"ocean_custom_logo_tablet_max_height":0,"ocean_custom_logo_mobile_max_height":0,"ocean_header_custom_menu":"0","ocean_menu_typo_font_family":"0","ocean_menu_typo_font_subset":"","ocean_menu_typo_font_size":0,"ocean_menu_typo_font_size_tablet":0,"ocean_menu_typo_font_size_mobile":0,"ocean_menu_typo_font_size_unit":"px","ocean_menu_typo_font_weight":"","ocean_menu_typo_font_weight_tablet":"","ocean_menu_typo_font_weight_mobile":"","ocean_menu_typo_transform":"","ocean_menu_typo_transform_tablet":"","ocean_menu_typo_transform_mobile":"","ocean_menu_typo_line_height":0,"ocean_menu_typo_line_height_tablet":0,"ocean_menu_typo_line_height_mobile":0,"ocean_menu_typo_line_height_unit":"","ocean_menu_typo_spacing":0,"ocean_menu_typo_spacing_tablet":0,"ocean_menu_typo_spacing_mobile":0,"ocean_menu_typo_spacing_unit":"","ocean_menu_link_color":"","ocean_menu_link_color_hover":"","ocean_menu_link_color_active":"","ocean_menu_link_background":"","ocean_menu_link_hover_background":"","ocean_menu_link_active_background":"","ocean_menu_social_links_bg":"","ocean_menu_social_hover_links_bg":"","ocean_menu_social_links_color":"","ocean_menu_social_hover_links_color":"","ocean_disable_title":"default","ocean_disable_heading":"default","ocean_post_title":"","ocean_post_subheading":"","ocean_post_title_style":"","ocean_post_title_background_color":"","ocean_post_title_background":0,"ocean_post_title_bg_image_position":"","ocean_post_title_bg_image_attachment":"","ocean_post_title_bg_image_repeat":"","ocean_post_title_bg_image_size":"","ocean_post_title_height":0,"ocean_post_title_bg_overlay":0.5,"ocean_post_title_bg_overlay_color":"","ocean_disable_breadcrumbs":"default","ocean_breadcrumbs_color":"","ocean_breadcrumbs_separator_color":"","ocean_breadcrumbs_links_color":"","ocean_breadcrumbs_links_hover_color":"","ocean_display_footer_widgets":"default","ocean_display_footer_bottom":"default","ocean_custom_footer_template":"0","footnotes":""},"class_list":["post-240","page","type-page","status-publish","hentry","entry","owp-thumbs-layout-horizontal","owp-btn-normal","owp-tabs-layout-horizontal","has-no-thumbnails","has-product-nav"],"jetpack_sharing_enabled":true,"_links":{"self":[{"href":"https:\/\/isaotextile.com\/index.php\/wp-json\/wp\/v2\/pages\/240","targetHints":{"allow":["GET"]}}],"collection":[{"href":"https:\/\/isaotextile.com\/index.php\/wp-json\/wp\/v2\/pages"}],"about":[{"href":"https:\/\/isaotextile.com\/index.php\/wp-json\/wp\/v2\/types\/page"}],"author":[{"embeddable":true,"href":"https:\/\/isaotextile.com\/index.php\/wp-json\/wp\/v2\/users\/1"}],"replies":[{"embeddable":true,"href":"https:\/\/isaotextile.com\/index.php\/wp-json\/wp\/v2\/comments?post=240"}],"version-history":[{"count":124,"href":"https:\/\/isaotextile.com\/index.php\/wp-json\/wp\/v2\/pages\/240\/revisions"}],"predecessor-version":[{"id":1169,"href":"https:\/\/isaotextile.com\/index.php\/wp-json\/wp\/v2\/pages\/240\/revisions\/1169"}],"wp:attachment":[{"href":"https:\/\/isaotextile.com\/index.php\/wp-json\/wp\/v2\/media?parent=240"}],"curies":[{"name":"wp","href":"https:\/\/api.w.org\/{rel}","templated":true}]}}